{"id":8,"date":"2025-01-15T17:39:34","date_gmt":"2025-01-15T17:39:34","guid":{"rendered":"https:\/\/qui.trova.info\/?page_id=8"},"modified":"2025-01-18T17:15:55","modified_gmt":"2025-01-18T17:15:55","slug":"storia","status":"publish","type":"page","link":"https:\/\/qui.trova.info\/?page_id=8","title":{"rendered":"STORIA"},"content":{"rendered":"\t\t<div data-elementor-type=\"wp-page\" data-elementor-id=\"8\" class=\"elementor elementor-8\" data-elementor-post-type=\"page\">\n\t\t\t\t<div class=\"elementor-element elementor-element-04014c8 e-flex e-con-boxed e-con e-parent\" data-id=\"04014c8\" data-element_type=\"container\">\n\t\t\t\t\t<div class=\"e-con-inner\">\n\t\t\t\t<div class=\"elementor-element elementor-element-cc673b9 elementor-widget elementor-widget-image\" data-id=\"cc673b9\" data-element_type=\"widget\" data-widget_type=\"image.default\">\n\t\t\t\t<div class=\"elementor-widget-container\">\n\t\t\t\t\t\t\t\t\t\t\t\t\t\t\t<img fetchpriority=\"high\" decoding=\"async\" width=\"800\" height=\"271\" src=\"https:\/\/qui.trova.info\/wp-content\/uploads\/2025\/01\/COPRTINA-DI-STORIA-800X457-e1737199201100.webp\" class=\"attachment-full size-full wp-image-65\" alt=\"\" srcset=\"https:\/\/qui.trova.info\/wp-content\/uploads\/2025\/01\/COPRTINA-DI-STORIA-800X457-e1737199201100.webp 800w, https:\/\/qui.trova.info\/wp-content\/uploads\/2025\/01\/COPRTINA-DI-STORIA-800X457-e1737199201100-300x102.webp 300w, https:\/\/qui.trova.info\/wp-content\/uploads\/2025\/01\/COPRTINA-DI-STORIA-800X457-e1737199201100-768x260.webp 768w\" sizes=\"(max-width: 800px) 100vw, 800px\" \/>\t\t\t\t\t\t\t\t\t\t\t\t\t\t\t<\/div>\n\t\t\t\t<\/div>\n\t\t\t\t\t<\/div>\n\t\t\t\t<\/div>\n\t\t<div class=\"elementor-element elementor-element-471a50a e-flex e-con-boxed e-con e-parent\" data-id=\"471a50a\" data-element_type=\"container\">\n\t\t\t\t\t<div class=\"e-con-inner\">\n\t\t\t\t<div class=\"elementor-element elementor-element-dedd325 elementor-widget elementor-widget-spacer\" data-id=\"dedd325\" data-element_type=\"widget\" data-widget_type=\"spacer.default\">\n\t\t\t\t<div class=\"elementor-widget-container\">\n\t\t\t\t\t\t\t<div class=\"elementor-spacer\">\n\t\t\t<div class=\"elementor-spacer-inner\"><\/div>\n\t\t<\/div>\n\t\t\t\t\t\t<\/div>\n\t\t\t\t<\/div>\n\t\t\t\t\t<\/div>\n\t\t\t\t<\/div>\n\t\t<div class=\"elementor-element elementor-element-29c8022 e-con-full e-flex e-con e-parent\" data-id=\"29c8022\" data-element_type=\"container\" data-settings=\"{&quot;background_background&quot;:&quot;classic&quot;}\">\n\t\t<div class=\"elementor-element elementor-element-ae2e137 e-con-full e-flex e-con e-child\" data-id=\"ae2e137\" data-element_type=\"container\">\n\t\t\t\t<div class=\"elementor-element elementor-element-7fa6c43 elementor-widget elementor-widget-image\" data-id=\"7fa6c43\" data-element_type=\"widget\" data-widget_type=\"image.default\">\n\t\t\t\t<div class=\"elementor-widget-container\">\n\t\t\t\t\t\t\t\t\t\t\t\t\t\t\t<img decoding=\"async\" width=\"800\" height=\"340\" src=\"https:\/\/qui.trova.info\/wp-content\/uploads\/2025\/01\/Ricostruire-il-PASSATO-Sanoma-2025-01-17_00_12_cr-1024x435.png\" class=\"attachment-large size-large wp-image-68\" alt=\"\" srcset=\"https:\/\/qui.trova.info\/wp-content\/uploads\/2025\/01\/Ricostruire-il-PASSATO-Sanoma-2025-01-17_00_12_cr-1024x435.png 1024w, https:\/\/qui.trova.info\/wp-content\/uploads\/2025\/01\/Ricostruire-il-PASSATO-Sanoma-2025-01-17_00_12_cr-300x128.png 300w, https:\/\/qui.trova.info\/wp-content\/uploads\/2025\/01\/Ricostruire-il-PASSATO-Sanoma-2025-01-17_00_12_cr-768x326.png 768w, https:\/\/qui.trova.info\/wp-content\/uploads\/2025\/01\/Ricostruire-il-PASSATO-Sanoma-2025-01-17_00_12_cr.png 1447w\" sizes=\"(max-width: 800px) 100vw, 800px\" \/>\t\t\t\t\t\t\t\t\t\t\t\t\t\t\t<\/div>\n\t\t\t\t<\/div>\n\t\t\t\t<\/div>\n\t\t<div class=\"elementor-element elementor-element-ff7f7cf e-con-full e-flex e-con e-child\" data-id=\"ff7f7cf\" data-element_type=\"container\">\n\t\t\t\t<div class=\"elementor-element elementor-element-e7ff591 elementor-widget elementor-widget-text-editor\" data-id=\"e7ff591\" data-element_type=\"widget\" data-widget_type=\"text-editor.default\">\n\t\t\t\t<div class=\"elementor-widget-container\">\n\t\t\t\t\t\t\t\t\t<p>RICOSTRUIRE IL PASSATO<\/p>\t\t\t\t\t\t\t\t<\/div>\n\t\t\t\t<\/div>\n\t\t\t\t<div class=\"elementor-element elementor-element-c0668ae elementor-widget elementor-widget-text-editor\" data-id=\"c0668ae\" data-element_type=\"widget\" data-widget_type=\"text-editor.default\">\n\t\t\t\t<div class=\"elementor-widget-container\">\n\t\t\t\t\t\t\t\t\t<ol><li>Il lavoro dello Storico<\/li><li>In ordine cronologico<\/li><li>La durata dei fatti<\/li><li>Chi lavora con lo Storico<\/li><li>I fossili<\/li><li>L&#8217;Archeologo: lo scavo sottoterra<\/li><li>&#8230; e sott&#8217;acqua<\/li><\/ol>\t\t\t\t\t\t\t\t<\/div>\n\t\t\t\t<\/div>\n\t\t\t\t<\/div>\n\t\t\t\t<\/div>\n\t\t<div class=\"elementor-element elementor-element-fe79046 e-flex e-con-boxed e-con e-parent\" data-id=\"fe79046\" data-element_type=\"container\">\n\t\t\t\t\t<div class=\"e-con-inner\">\n\t\t\t\t<div class=\"elementor-element elementor-element-beb7d91 elementor-widget elementor-widget-text-editor\" data-id=\"beb7d91\" data-element_type=\"widget\" data-widget_type=\"text-editor.default\">\n\t\t\t\t<div class=\"elementor-widget-container\">\n\t\t\t\t\t\t\t\t\t<p>1. IL LAVORO DELLO STORICO<\/p>\t\t\t\t\t\t\t\t<\/div>\n\t\t\t\t<\/div>\n\t\t\t\t<div class=\"elementor-element elementor-element-00b867a elementor-widget elementor-widget-image\" data-id=\"00b867a\" data-element_type=\"widget\" data-widget_type=\"image.default\">\n\t\t\t\t<div class=\"elementor-widget-container\">\n\t\t\t\t\t\t\t\t\t\t\t\t\t\t\t\t<a href=\"https:\/\/qui.trova.info\/wp-content\/uploads\/2025\/01\/STORIA-08-09-IL-LAVORO-DELLO-STORICO.png\">\n\t\t\t\t\t\t\t<img decoding=\"async\" width=\"800\" height=\"489\" src=\"https:\/\/qui.trova.info\/wp-content\/uploads\/2025\/01\/STORIA-08-09-IL-LAVORO-DELLO-STORICO-800x600-1.png\" class=\"attachment-large size-large wp-image-141\" alt=\"\" srcset=\"https:\/\/qui.trova.info\/wp-content\/uploads\/2025\/01\/STORIA-08-09-IL-LAVORO-DELLO-STORICO-800x600-1.png 800w, https:\/\/qui.trova.info\/wp-content\/uploads\/2025\/01\/STORIA-08-09-IL-LAVORO-DELLO-STORICO-800x600-1-300x183.png 300w, https:\/\/qui.trova.info\/wp-content\/uploads\/2025\/01\/STORIA-08-09-IL-LAVORO-DELLO-STORICO-800x600-1-768x469.png 768w\" sizes=\"(max-width: 800px) 100vw, 800px\" \/>\t\t\t\t\t\t\t\t<\/a>\n\t\t\t\t\t\t\t\t\t\t\t\t\t\t\t<\/div>\n\t\t\t\t<\/div>\n\t\t\t\t<div class=\"elementor-element elementor-element-dea19a0 elementor-widget elementor-widget-text-editor\" data-id=\"dea19a0\" data-element_type=\"widget\" data-widget_type=\"text-editor.default\">\n\t\t\t\t<div class=\"elementor-widget-container\">\n\t\t\t\t\t\t\t\t\t<h3><b><span style=\"font-size: 19px; text-align: var(--text-align);\">Per ricostruire il passato lo storico usa documenti precisi:<\/span><span style=\"font-size: 19px; text-align: var(--text-align);\"> le fonti.<\/span><\/b><\/h3><p>Per scrivere la tua storia sono sufficienti i tuoi ricordi e le informazioni che ti possono dare gli adulti con cui sei cresciuto.<br \/>Per ricostruire la storia della Terra e dell\u2019uomo, invece, \u00e8 necessario il lavoro di uno studioso molto particolare: <br \/><b>lo storico. Il suo compito \u00e8 quello di trovare le tracce e spiegare i grandi avvenimenti del passato.<br \/><\/b><br \/>Per trarre informazioni sui fatti avvenuti moltissimo tempo fa, <b>lo storico usa le fonti.<\/b> <br \/>Come sai dall\u2019anno scorso, le fonti possono essere di diverso tipo.<\/p><p><b>Fonti orali<br \/><\/b>Tutte le informazioni a voce, come racconti, leggende e interviste, sono fonti orali. Questo tipo di fonti pu\u00f2 anche essere registrato.<\/p><p><b>Fonti materiali<br \/><\/b>Sono gli oggetti prodotti dall\u2019uomo, come armi, monete, vasi, sculture, edifici, ma anche ossa e resti di uomini e animali. Queste fonti sono conservate nei musei e nei siti archeologici.<\/p><p><b>Fonti scritte<br \/><\/b>Sono fonti scritte tutte le testimonianze in forma di scrittura. Le puoi trovare su pietra, argilla, pergamena, carta e oggi anche su file digitali. Si conservano nei musei, nelle biblioteche e negli archivi.<\/p><p><b>Fonti visive o iconografiche<br \/><\/b>Sono fonti visive tutte le immagini prodotte dall\u2019uomo. Se si possono trasportare, come quadri, fotografie e video, sono conservate nei musei e in edifici pubblici e privati.<br \/>In alcuni casi, invece, si trovano nei luoghi in cui sono state realizzate, perch\u00e9 \u00e8 impossibile spostarle (pensa ai dipinti nelle chiese).<\/p>\t\t\t\t\t\t\t\t<\/div>\n\t\t\t\t<\/div>\n\t\t\t\t<div class=\"elementor-element elementor-element-6033e18 elementor-widget elementor-widget-image\" data-id=\"6033e18\" data-element_type=\"widget\" data-widget_type=\"image.default\">\n\t\t\t\t<div class=\"elementor-widget-container\">\n\t\t\t\t\t\t\t\t\t\t\t\t\t\t\t<img loading=\"lazy\" decoding=\"async\" width=\"800\" height=\"400\" src=\"https:\/\/qui.trova.info\/wp-content\/uploads\/2025\/01\/IL-LAVORO-DELLO-STORICO.webp\" class=\"attachment-large size-large wp-image-144\" alt=\"\" srcset=\"https:\/\/qui.trova.info\/wp-content\/uploads\/2025\/01\/IL-LAVORO-DELLO-STORICO.webp 1000w, https:\/\/qui.trova.info\/wp-content\/uploads\/2025\/01\/IL-LAVORO-DELLO-STORICO-300x150.webp 300w, https:\/\/qui.trova.info\/wp-content\/uploads\/2025\/01\/IL-LAVORO-DELLO-STORICO-768x384.webp 768w\" sizes=\"(max-width: 800px) 100vw, 800px\" \/>\t\t\t\t\t\t\t\t\t\t\t\t\t\t\t<\/div>\n\t\t\t\t<\/div>\n\t\t\t\t<div class=\"elementor-element elementor-element-bd3b26a premium-modal-dismissible-yes elementor-widget elementor-widget-premium-addon-modal-box\" data-id=\"bd3b26a\" data-element_type=\"widget\" data-settings=\"{&quot;premium_modal_box_animation&quot;:&quot;fadeInDown&quot;}\" data-widget_type=\"premium-addon-modal-box.default\">\n\t\t\t\t<div class=\"elementor-widget-container\">\n\t\t\t\t\t\n\t\t<div class=\"premium-modal-box-container\" data-settings=\"{&quot;trigger&quot;:&quot;image&quot;}\">\n\t\t\t<div class=\"premium-modal-trigger-container\">\n\t\t\t\t\t\t\t\t\t<img decoding=\"async\" data-toggle=\"premium-modal\" data-target=\"#premium-modal-bd3b26a\" class=\"premium-modal-trigger-img\" src=\"https:\/\/qui.trova.info\/wp-content\/uploads\/2025\/01\/STORIA-IL-LAVORO-DELLO-STORICO-COPERTINA-VIDEO-2.png\" alt=\"STORIA - IL LAVORO DELLO STORICO - COPERTINA VIDEO 2\">\n\t\t\t\t\t\t\t<\/div>\n\n\t\t\t<div id=\"premium-modal-bd3b26a\" class=\"premium-modal-box-modal\"\n\t\t\trole=\"dialog\"\n\t\t\tstyle=\"display: none\"\n\t\t\t>\n\t\t\t\t<div class=\"premium-modal-box-modal-dialog\" data-delay-animation=\"\" data-modal-animation=\"fadeInDown animated-fast\">\n\t\t\t\t\t\t\t\t\t\t\t<div class=\"premium-modal-box-modal-header\">\n\t\t\t\t\t\t\t\t\t\t\t\t\t\t\t<h3 class=\"premium-modal-box-modal-title\">\n\t\t\t\t\t\t\t\t\tSTORIA - IL LAVORO DELLO STORICO\t\t\t\t\t\t\t\t<\/h3>\n\t\t\t\t\t\t\t\t\t\t\t\t\t\t\t\t\t\t\t\t\t\t<div class=\"premium-modal-box-close-button-container\">\n\t\t\t\t\t\t\t\t\t<button type=\"button\" class=\"premium-modal-box-modal-close\" data-dismiss=\"premium-modal\">&times;<\/button>\n\t\t\t\t\t\t\t\t<\/div>\n\t\t\t\t\t\t\t\t\t\t\t\t\t<\/div>\n\t\t\t\t\t\t\t\t\t\t<div class=\"premium-modal-box-modal-body\">\n\t\t\t\t\t\t<iframe title=\"STORIA - IL LAVORO DELLO STORICO\" width=\"560\" height=\"315\" src=\"https:\/\/peertube.uno\/videos\/embed\/4f36d6be-cbbf-4915-86a8-6b843df731a6\" frameborder=\"0\" allowfullscreen=\"\" sandbox=\"allow-same-origin allow-scripts allow-popups allow-forms\"><\/iframe>\t\t\t\t\t<\/div>\n\t\t\t\t\t\t\t\t\t\t\t<div class=\"premium-modal-box-modal-footer\">\n\t\t\t\t\t\t\t<button type=\"button\" class=\"premium-modal-box-modal-lower-close\" data-dismiss=\"premium-modal\">\n\t\t\t\t\t\t\t\tClose\t\t\t\t\t\t\t<\/button>\n\t\t\t\t\t\t<\/div>\n\t\t\t\t\t\t\t\t\t<\/div>\n\t\t\t<\/div>\n\t\t<\/div>\n\n\t\t\t\t\t\t<\/div>\n\t\t\t\t<\/div>\n\t\t\t\t\t<\/div>\n\t\t\t\t<\/div>\n\t\t<div class=\"elementor-element elementor-element-d69d691 e-flex e-con-boxed e-con e-parent\" data-id=\"d69d691\" data-element_type=\"container\">\n\t\t\t\t\t<div class=\"e-con-inner\">\n\t\t\t\t<div class=\"elementor-element elementor-element-76110b3 elementor-widget elementor-widget-text-editor\" data-id=\"76110b3\" data-element_type=\"widget\" data-widget_type=\"text-editor.default\">\n\t\t\t\t<div class=\"elementor-widget-container\">\n\t\t\t\t\t\t\t\t\t<p>2. IN ORDINE CRONOLOGICO<\/p>\t\t\t\t\t\t\t\t<\/div>\n\t\t\t\t<\/div>\n\t\t\t\t<div class=\"elementor-element elementor-element-99d4807 elementor-widget elementor-widget-image\" data-id=\"99d4807\" data-element_type=\"widget\" data-widget_type=\"image.default\">\n\t\t\t\t<div class=\"elementor-widget-container\">\n\t\t\t\t\t\t\t\t\t\t\t\t\t\t\t\t<a href=\"https:\/\/qui.trova.info\/wp-content\/uploads\/2025\/01\/STORIA-10.webp\" data-elementor-open-lightbox=\"no\">\n\t\t\t\t\t\t\t<img loading=\"lazy\" decoding=\"async\" width=\"699\" height=\"851\" src=\"https:\/\/qui.trova.info\/wp-content\/uploads\/2025\/01\/STORIA-10.webp\" class=\"attachment-large size-large wp-image-173\" alt=\"\" srcset=\"https:\/\/qui.trova.info\/wp-content\/uploads\/2025\/01\/STORIA-10.webp 699w, https:\/\/qui.trova.info\/wp-content\/uploads\/2025\/01\/STORIA-10-246x300.webp 246w\" sizes=\"(max-width: 699px) 100vw, 699px\" \/>\t\t\t\t\t\t\t\t<\/a>\n\t\t\t\t\t\t\t\t\t\t\t\t\t\t\t<\/div>\n\t\t\t\t<\/div>\n\t\t\t\t<div class=\"elementor-element elementor-element-73db853 elementor-widget elementor-widget-text-editor\" data-id=\"73db853\" data-element_type=\"widget\" data-widget_type=\"text-editor.default\">\n\t\t\t\t<div class=\"elementor-widget-container\">\n\t\t\t\t\t\t\t\t\t<h3>\u00a0 \u00a0 \u00a0 \u00a0 \u00a0 \u00a0 \u00a0 \u00a0 \u00a0 \u00a0 \u00a0 \u00a0<b>Lo storico mette in ordine di tempo i fatti del passato.<\/b><\/h3><div class=\"flex-shrink-0 flex flex-col relative items-end\"><div><div class=\"pt-0\"><div class=\"gizmo-bot-avatar flex h-8 w-8 items-center justify-center overflow-hidden rounded-full\">\u00a0<span style=\"text-align: var(--text-align);\">Una volta raccolte le informazioni, lo storico deve metterle in <\/span><strong style=\"text-align: var(--text-align);\">ordine cronologico<\/strong><span style=\"text-align: var(--text-align);\">, cio\u00e8 in ordine di tempo, dalla pi\u00f9 antica alla pi\u00f9 vicina a noi.<\/span><\/div><div class=\"gizmo-bot-avatar flex h-8 w-8 items-center justify-center overflow-hidden rounded-full\"><span style=\"text-align: var(--text-align);\">\u00a0<\/span><\/div><\/div><\/div><\/div><div class=\"group\/conversation-turn relative flex w-full min-w-0 flex-col agent-turn\"><div class=\"flex-col gap-1 md:gap-3\"><div class=\"flex max-w-full flex-col flex-grow\"><div class=\"min-h-8 text-message flex w-full flex-col items-end gap-2 whitespace-normal break-words text-start [.text-message+&amp;]:mt-5\" dir=\"auto\" data-message-author-role=\"assistant\" data-message-id=\"32e8f61d-3430-45c1-9616-b48125affaee\" data-message-model-slug=\"gpt-4o\"><div class=\"flex w-full flex-col gap-1 empty:hidden first:pt-[3px]\"><div class=\"markdown prose w-full break-words dark:prose-invert light\"><p>Per ordinare i fatti si pu\u00f2 usare una <strong>linea del tempo<\/strong>, come quella nella pagina del libro.<br \/><br \/>Con la linea del tempo \u00e8 possibile capire quando sono avvenuti i fatti (quali prima e quali dopo) e se sono avvenuti <strong>contemporaneamente<\/strong>.<\/p><p>Il punto di riferimento nelle nostre linee del tempo \u00e8 la <strong>nascita di Cristo<\/strong>: gli anni successivi sono detti \u201c<strong>dopo Cristo<\/strong>\u201d (<strong>d.C.<\/strong>), gli anni precedenti sono detti invece \u201c<strong>avanti Cristo<\/strong>\u201d (<strong>a.C.<\/strong>) e si contano all\u2019indietro.<br \/>In altre parti del mondo si usano altri riferimenti.<\/p><\/div><\/div><\/div><\/div><\/div><\/div>\t\t\t\t\t\t\t\t<\/div>\n\t\t\t\t<\/div>\n\t\t\t\t<div class=\"elementor-element elementor-element-e71c8bc premium-modal-dismissible-yes elementor-widget elementor-widget-premium-addon-modal-box\" data-id=\"e71c8bc\" data-element_type=\"widget\" data-settings=\"{&quot;premium_modal_box_animation&quot;:&quot;fadeInDown&quot;}\" data-widget_type=\"premium-addon-modal-box.default\">\n\t\t\t\t<div class=\"elementor-widget-container\">\n\t\t\t\t\t\n\t\t<div class=\"premium-modal-box-container\" data-settings=\"{&quot;trigger&quot;:&quot;image&quot;}\">\n\t\t\t<div class=\"premium-modal-trigger-container\">\n\t\t\t\t\t\t\t\t\t<img decoding=\"async\" data-toggle=\"premium-modal\" data-target=\"#premium-modal-e71c8bc\" class=\"premium-modal-trigger-img\" src=\"https:\/\/qui.trova.info\/wp-content\/uploads\/2025\/01\/STORIA-IL-LAVORO-DELLO-STORICO-COPERTINA-VIDEO-2.png\" alt=\"STORIA - IL LAVORO DELLO STORICO - COPERTINA VIDEO 2\">\n\t\t\t\t\t\t\t<\/div>\n\n\t\t\t<div id=\"premium-modal-e71c8bc\" class=\"premium-modal-box-modal\"\n\t\t\trole=\"dialog\"\n\t\t\tstyle=\"display: none\"\n\t\t\t>\n\t\t\t\t<div class=\"premium-modal-box-modal-dialog\" data-delay-animation=\"\" data-modal-animation=\"fadeInDown animated-fast\">\n\t\t\t\t\t\t\t\t\t\t\t<div class=\"premium-modal-box-modal-header\">\n\t\t\t\t\t\t\t\t\t\t\t\t\t\t\t<h3 class=\"premium-modal-box-modal-title\">\n\t\t\t\t\t\t\t\t\tSTORIA - IL LAVORO DELLO STORICO\t\t\t\t\t\t\t\t<\/h3>\n\t\t\t\t\t\t\t\t\t\t\t\t\t\t\t\t\t\t\t\t\t\t<div class=\"premium-modal-box-close-button-container\">\n\t\t\t\t\t\t\t\t\t<button type=\"button\" class=\"premium-modal-box-modal-close\" data-dismiss=\"premium-modal\">&times;<\/button>\n\t\t\t\t\t\t\t\t<\/div>\n\t\t\t\t\t\t\t\t\t\t\t\t\t<\/div>\n\t\t\t\t\t\t\t\t\t\t<div class=\"premium-modal-box-modal-body\">\n\t\t\t\t\t\t<iframe title=\"STORIA - IL LAVORO DELLO STORICO\" width=\"560\" height=\"315\" src=\"https:\/\/peertube.uno\/videos\/embed\/4f36d6be-cbbf-4915-86a8-6b843df731a6\" frameborder=\"0\" allowfullscreen=\"\" sandbox=\"allow-same-origin allow-scripts allow-popups allow-forms\"><\/iframe>\t\t\t\t\t<\/div>\n\t\t\t\t\t\t\t\t\t\t\t<div class=\"premium-modal-box-modal-footer\">\n\t\t\t\t\t\t\t<button type=\"button\" class=\"premium-modal-box-modal-lower-close\" data-dismiss=\"premium-modal\">\n\t\t\t\t\t\t\t\tClose\t\t\t\t\t\t\t<\/button>\n\t\t\t\t\t\t<\/div>\n\t\t\t\t\t\t\t\t\t<\/div>\n\t\t\t<\/div>\n\t\t<\/div>\n\n\t\t\t\t\t\t<\/div>\n\t\t\t\t<\/div>\n\t\t\t\t\t<\/div>\n\t\t\t\t<\/div>\n\t\t\t\t<\/div>\n\t\t","protected":false},"excerpt":{"rendered":"<p>RICOSTRUIRE IL PASSATO Il lavoro dello Storico In ordine cronologico La durata dei fatti Chi lavora con lo Storico I fossili L&#8217;Archeologo: lo scavo sottoterra &#8230; e sott&#8217;acqua 1. IL LAVORO DELLO STORICO Per ricostruire il passato lo storico usa documenti precisi: le fonti. Per scrivere la tua storia sono sufficienti i tuoi ricordi e [&hellip;]<\/p>\n","protected":false},"author":1,"featured_media":0,"parent":0,"menu_order":0,"comment_status":"closed","ping_status":"closed","template":"","meta":{"footnotes":""},"class_list":["post-8","page","type-page","status-publish","hentry"],"_links":{"self":[{"href":"https:\/\/qui.trova.info\/index.php?rest_route=\/wp\/v2\/pages\/8","targetHints":{"allow":["GET"]}}],"collection":[{"href":"https:\/\/qui.trova.info\/index.php?rest_route=\/wp\/v2\/pages"}],"about":[{"href":"https:\/\/qui.trova.info\/index.php?rest_route=\/wp\/v2\/types\/page"}],"author":[{"embeddable":true,"href":"https:\/\/qui.trova.info\/index.php?rest_route=\/wp\/v2\/users\/1"}],"replies":[{"embeddable":true,"href":"https:\/\/qui.trova.info\/index.php?rest_route=%2Fwp%2Fv2%2Fcomments&post=8"}],"version-history":[{"count":61,"href":"https:\/\/qui.trova.info\/index.php?rest_route=\/wp\/v2\/pages\/8\/revisions"}],"predecessor-version":[{"id":180,"href":"https:\/\/qui.trova.info\/index.php?rest_route=\/wp\/v2\/pages\/8\/revisions\/180"}],"wp:attachment":[{"href":"https:\/\/qui.trova.info\/index.php?rest_route=%2Fwp%2Fv2%2Fmedia&parent=8"}],"curies":[{"name":"wp","href":"https:\/\/api.w.org\/{rel}","templated":true}]}}